f x(6)?
1
Suppose -29 = -5*u + 6. Let h be 2/u*(10 - 3). Suppose h*n + 3*n - 120 = 0. What is the tens digit of n?
2
Let m = -28 + 30. Suppose 4*p = 4*a + 712, 6*p - m*a = 2*p + 722. What is the hundreds digit of p?
1
Let u(p) = -p**3 - p**2 - p - 1. Let b(g) = -4*g + 2*g - 124 + 123 - 7*g**3 - 19*g**2. Let j(i) = -b(i) + 5*u(i). What is the units digit of j(-7)?
7
Suppose -4*g + 12 = -3*k - 44, -28 = 2*k + 2*g. Let l = 55 + k. What is the units digit of l?
9
Suppose -2*v = 10, -w + 3*w = v + 333. Suppose 3*q + q - 4*r = -w, 5*q + 5*r = -245. What is the units digit of 1/(q/24 - -2)?
8
Suppose k - 810 = 366. What is the thousands digit of k?
1
Let p(d) = -56*d**2 - 5*d + 6. Let f be p(2). Let j = -151 - f. What is the units digit of j?
7
Suppose o = -2*l + 10, -7*l + 34 = 4*o - 2*l. Let n = -4 + 4. Suppose p - o - 12 = n. What is the units digit of p?
8
Suppose -8*r + 4*h - 4 = -4*r, 3*h = r - 3. What is the tens digit of 4 - -1*(r - -42)?
4
Let o be -15 - (-2 - -4) - 1. Let k = 27 + o. Suppose -2*b = -5*b + k. What is the units digit of b?
3
Suppose d = -3*z + 10, -7*z - 58 = -3*d - 2*z. Suppose -3*n + 4*c + 84 = c, 86 = 3*n - c. Suppose -m = 3*m - d, -n = -v - m. What is the tens digit of v?
2
Let m be 2/(-1) - (-1 + -63). Suppose o - m = 68. What is the hundreds digit of o?
1
What is the units digit of (13948/48 - 10/8)*3?
8
Suppose 3*k + r - 492 = -r, 3*k - 492 = -r. Suppose -k = -34*c + 33*c. What is the units digit of c?
4
Suppose -2*v = 4*r + 12, 0 = -2*v - r - 0*r + 3. Suppose s - 42 = -2*i + 57, 5*i = -v*s + 252. What is the tens digit of i?
4
Let y = 113 - -315. What is the hundreds digit of y?
4
Let z(r) = -r**2 - 13*r - 10. Let d be z(-12). Suppose 258 + 126 = d*c. What is the hundreds digit of c?
1
Let u = -16 - -23. Let h(a) = u - 3 - 2*a - 2 + a**2. What is the units digit of h(-4)?
6
Let f = -7 + 0. What is the tens digit of (f - -6)*-11*3?
3
Let u = 1427 + 1099. What is the tens digit of u?
2
Suppose 2*w = -5*m - 41, 2*w + 2*m - 4 = 6*m. Let d be 4/w - (-37)/2. What is the units digit of ((-6)/(-5))/(d/405)?
7
Let a be 3 + (-1 - (-4 - -4)). Let j(z) = 1 - 2 - 55*z**2 + 54*z**a + 10*z. What is the units digit of j(9)?
8
Let n(f) = 54*f - 44. What is the units digit of n(9)?
2
Let g(f) = f**3 + 3*f + 2. Let h be g(0). Suppose -j = 3*p - 1, j - 3*p - 9 = h*p. What is the units digit of j?
4
Let p be (-22)/(-4) + 2/4. Let k = p - -1. Suppose 186 = -r + k*r. What is the units digit of r?
1
Suppose -50*p - 3948 = -57*p. What is the units digit of p?
4
Let r = 19 - 7. Let z = r - -105. What is the tens digit of z?
1
Suppose 3*p = 1814 + 2902. What is the hundreds digit of p?
5
Suppose j + 4*d - 693 = 0, 2*d = -4*j - 0*d + 2814. What is the hundreds digit of j?
7
Let k(j) = -3*j**3 - 7*j**2 - 7*j - 11. Let r be k(-4). Let f = r + 0. What is the tens digit of f?
9
Let q(r) = 24*r**2 - 26 - 80*r - 62*r + 129*r. What is the units digit of q(-2)?
6
Suppose 0 = 5*n - 15, -5*n = -2*q + 1336 + 605. What is the hundreds digit of q?
9
Suppose -2*u = -4*u + 4, w + u - 376 = 0. What is the units digit of w?
4
Let a(g) = 4*g - 31. Let i be a(8). What is the hundreds digit of 278 - 3*i*(-3)/(-3)?
2
Let f be 6/2*(-5 + 6). Suppose -4*x = -f*x - 42. What is the units digit of x?
2
Let m be 2*(-1 - 55/(-10)). What is the units digit of 389/m + 12/(-54)?
3
Suppose 2*g = -2*g - i + 1087, 1349 = 5*g - 2*i. What is the hundreds digit of g?
2
Let s(a) be the second derivative of -a**3/6 + 17*a**2/2 + 4*a. Let o be s(14). Suppose 0 = -o*z + t + 8, -17 = -z + 5*t - 5. What is the units digit of z?
2
Suppose b - 6 = 4*f + 24, -b - 5*f = -48. Suppose -b = -c - 27. What is the units digit of c?
1
What is the thousands digit of -12 + 0 + -105 + 1148?
1
Suppose 0 = 2*c + 3*b - 1723, -22*b = -5*c - 17*b + 4245. What is the hundreds digit of c?
8
Suppose 0 = 4*o + 3 - 15. Suppose 66 = 2*b - 5*c, o*c + c = -5*b + 231. What is the tens digit of b?
4
Suppose 12*z - 792 - 6192 = 0. What is the hundreds digit of z?
5
Let j be (-48)/(-8)*2*62/8. Suppose u = -4*l + 91 + 319, -j = -l - 5*u. What is the tens digit of l?
0
What is the hundreds digit of 2/(-3) - 5/((-90)/10272)?
5
Let i(l) = l**3 + 10*l**2 - 3*l - 22. Let f be i(-10). What is the tens digit of (1/((-12)/447))/((-2)/f)?
4
Suppose 5 - 7 = 2*q. Let w = q + 2. Suppose w = -p - 0*p, 3*l + 4*p - 11 = 0. What is the units digit of l?
5
What is the tens digit of (-6)/10 - 16203/(-55)?
9
Suppose 3*w - g + 5 = 0, -4*g + 7 = -13. Let f = 1 + w. Suppose -n + 4*h + 35 = f, 4*n + 5*h = 31. What is the units digit of n?
4
Let d be 4/(-5) - (-8019)/55. Let j = d - 13. Suppose j = -3*c + 6*c. What is the tens digit of c?
4
Suppose 2*x + 0*x = 0. Let v = x + 3. Suppose 3*s + 10 = u, s = v*u - s - 9. What is the units digit of u?
1
Suppose -3*c - 12 = -4*s - s, 3*s + 3*c + 12 = 0. Suppose -d - 145 = -6*d - 5*u, s = 4*d + 5*u - 113. What is the tens digit of d?
3
Let r(g) = g**3 - 28*g**2 + 12*g - 39. Let t = 37 - 9. What is the hundreds digit of r(t)?
2
Suppose 0 = -3*f - 42 + 48. Suppose -h + 174 + 653 = 5*g, 504 = 3*g - f*h. What is the tens digit of g?
6
Let f(i) = i + 14. Let u be f(-10). Let v(p) = 0*p + 4 - 3*p - p**3 - 4 + 9*p**2 - u. What is the tens digit of v(4)?
6
Let p = -88 - -88. Suppose 11*w - 628 - 1484 = p. What is the tens digit of w?
9
Let f(g) = -g + 24. Suppose w = -5*h + 21, -3*w - 4*h + 30 = -0*h. What is the tens digit of f(w)?
1
Let z(b) = 20*b**2 + 10*b + 26. What is the hundreds digit of z(-3)?
1
Suppose -2*d = -0 - 4. Suppose 4*m - 92 = -4*x, d*x + x = 2*m - 56. What is the units digit of m?
5
What is the thousands digit of 139/((-17 + 10)/(-63))?
1
Let p(t) be the second derivative of -t**4/12 - 11*t**3/6 + 4*t**2 + 3*t. What is the tens digit of p(-6)?
3
Suppose 0 = -v - 42 + 24. Let f = v - -93. What is the tens digit of f?
7
Suppose 0 = 4*v + 4*i - 1276, -385 + 1652 = 4*v + i. What is the tens digit of v?
1
Let p(t) = -111*t - 10. Let g be p(1). Let r = g - -269. What is the units digit of r?
8
Suppose 0 = -23*f + 49*f - 14066. What is the tens digit of f?
4
Suppose 0*i - 3*m + 630 = 3*i, -3*m + 12 = 0. Suppose i = -0*a + 2*a. What is the units digit of a?
3
Suppose 2 + 6 = 4*w. Suppose w*u - 158 = -5*i + i, -5*i = u - 91. What is the units digit of u?
1
Let y(c) = 38*c**2 + c. Let w be y(2). Suppose b + w = 5*f - b, 5*f - 4*b - 158 = 0. Suppose 0 = -8*p + 3*p + f. What is the units digit of p?
6
Let l(a) = 3*a**3 + 2*a**2 - 2*a - 6. Let w(i) = -i**3 + 6*i**2 - 4*i - 2. Let y be w(5). Let o be l(y). Let q = o + -49. What is the units digit of q?
8
Suppose -5 = -8*z + 9*z. Let u(j) = 2*j**2 + 9*j - 2 - j - 3*j. What is the units digit of u(z)?
3
Suppose 4*r + 327 = -5*z, 2*z + 144 = 2*r + 3*r. Let b = 236 + z. What is the units digit of b?
9
Let t(i) = 28*i**2 - 3*i + 1. Let j be t(3). Let b = -151 + j. What is the tens digit of b?
9
Suppose 2*s = 5 + 1. Suppose -8*l + s*l = -60. Suppose -3*z - l + 123 = 0. What is the tens digit of z?
3
Suppose -3*j - 598 - 707 = 0. Let u = -251 - j. What is the tens digit of u?
8
Suppose 5*a = -2*q + 31, -4*q - 33 = -5*a - 5*q. What is the units digit of a?
7
Let d be 3/(1/4*-6). What is the units digit of 1/d + 1710/12?
2
Suppose 4*k = 5*k + t - 107, -4*k - 3*t = -429. Suppose 225 = 3*b + 3*i, -4*b + k = -2*i - 204. What is the units digit of b?
7
Suppose 6794 = 3*k - 5*p - 963, 0 = 5*k + 3*p - 12951. What is the hundreds digit of k?
5
Let n = 3858 + -2270. What is the units digit of n?
8
Let v = -274 + 1006. What is the units digit of v?
2
Suppose -m + 2*g + 726 = 0, m - 1043 = 5*g - 302. What is the units digit of m?
6
Suppose -8084 - 262 = -26*g. What is the tens digit of g?
2
Let r(w) = -w**3 - 9*w**2 - 8*w - 7. Let k(g) = -7*g - 1. Let b be k(1). Let t be r(b). Let n(d) = -d**3 - 7*d**2 - d + 7. What is the units digit of n(t)?
4
Suppose 8*b - 12*b = 0. What is the tens digit of 73/(1 + b/(-3))?
7
Suppose -5*v - 2*l + 135 = 0, 2*v + 4*l - 36 = 34. Suppose 0 = 5*q + v, -3*q + 398 + 12 = 5*i. What is the tens digit of i?
8
Let n be 2 + (6 - 3) + -8. What is the units digit of (-71)/n - (-20)/15?
5
Suppose 5*g + 0*y = -5*y + 110, -5*g + 100 = -5*y. Suppose 0 = -u + g - 9. What is the units digit of u?
2
Let o be (10 - 9)/(2/(-10)). What is the tens digit